(m) = -3500*m + 385. What is f(0)?
385
Let b(n) = n**2 - 527*n + 41736. What is b(97)?
26
Let a(h) = 237*h**2 + 213265*h - 31497. Determine a(-900).
3
Let t(m) = -32*m**2 - 1499*m + 3000. What is t(2)?
-126
Let i(x) = x**2 + 15423*x - 92552. Calculate i(6).
22
Let d(z) = 109*z - 978. Give d(8).
-106
Let o(r) = 10*r**2 - 858*r - 10555. Calculate o(-11).
93
Let w(r) = -2*r**2 - 30416*r - 15. Give w(0).
-15
Let s(z) = -1812*z + 11028. What is s(6)?
156
Let s(z) = z**3 + 66*z**2 - 56*z + 863. What is s(-67)?
126
Let u(v) = 5861*v + 93774. Calculate u(-16).
-2
Let i(a) = 436746*a + 1746986. Determine i(-4).
2
Let m(c) = 2*c**3 + 164*c**2 + 1099*c - 44. Determine m(-7).
-387
Let y(d) = d**2 - 52*d - 3632. What is y(92)?
48
Let s(c) = 278*c**2 - 8894*c - 60. Determine s(32).
4
Let c(u) = 266*u + 5052. Give c(-19).
-2
Let y(c) = -c**3 - 293*c**2 - 1680*c + 12263. Give y(-287).
209
Let t(a) = 7581*a + 144002. What is t(-19)?
-37
Let m(j) = -j**2 + 212*j - 11503. Give m(108).
-271
Let k(b) = b**2 + 35290*b + 846406. Determine k(-24).
22
Let j(a) = 16429*a + 4698613. What is j(-286)?
-81
Let d(h) = 2*h**2 - 199*h - 11348. Determine d(142).
722
Let n(m) = m**2 - 1469*m + 75057. Calculate n(53).
9
Let i(u) = 40952*u - 204781. Calculate i(5).
-21
Let b(i) = 3023*i + 275070. What is b(-91)?
-23
Let p(y) = -37154*y + 1077578. Calculate p(29).
112
Let s(q) = -677349*q + 1354655. Calculate s(2).
-43
Let v(u) = -2*u**2 + 20*u + 2761. What is v(43)?
-77
Let t(d) = d**3 + 74*d**2 - 6535*d - 21. What is t(52)?
863
Let n(u) = 7*u**2 + 1472*u + 8583. Determine n(-6).
3
Let t(c) = -c**2 + 588*c + 13764. What is t(-24)?
-924
Let l(b) = 105697*b + 2219642. Calculate l(-21).
5
Let q(b) = -b**3 + 6*b**2 - 94*b - 455. Give q(-5).
290
Let b(t) = 671690*t + 12762114. What is b(-19)?
4
Let q(s) = -213*s**3 + 358*s**2 + 344*s - 13. What is q(-1)?
214
Let r(y) = -y**2 + 33*y - 100. Determine r(28).
40
Let k(d) = -d**3 + 13*d**2 - 10*d - 5. Give k(0).
-5
Let w(q) = -812*q - 6966. What is w(-7)?
-1282
Let v(h) = 11733*h - 340328. Calculate v(29).
-71
Let n(g) = -2*g**2 - 875*g - 25959. Determine n(-32).
-7
Let r(y) = y**3 + 8*y**2 + 34*y + 429. Give r(-7).
240
Let q(u) = 16708*u + 149778. Calculate q(-9).
-594
Let v(o) = -3*o**2 - 89*o - 60. What is v(-18)?
570
Let y(o) = 9534*o + 114349. Calculate y(-12).
-59
Let y(a) = -61*a**2 + 2751*a - 13710. Give y(5).
-1480
Let u(k) = -2*k**2 - 1977*k + 161759. Calculate u(76).
-45
Let k(a) = -217*a - 17678. Give k(-77).
-969
Let v(j) = -38*j - 1378. Calculate v(-10).
-998
Let r(f) = 34*f**2 - 2879*f + 4732. What is r(83)?
1
Let r(q) = -q**3 - 21*q**2 + 151*q + 841. Calculate r(-4).
-35
Let d(n) = 193881*n + 2714333. Determine d(-14).
-1
Let b(a) = 2*a**3 + 55*a**2 + 105*a + 1687. Calculate b(-27).
-419
Let j(w) = -2*w**2 + 239*w + 43664. What is j(219)?
83
Let k(x) = -6*x**2 + 86*x + 375. Give k(-4).
-65
Let o(h) = h**3 + 12*h**2 + 23*h + 323. Calculate o(-12).
47
Let i(c) = 2*c**3 + 371*c**2 + 917*c + 313. Calculate i(-183).
-53
Let h(k) = -k**3 + 30*k**2 - 50*k + 445. What is h(29)?
-164
Let s(n) = 34*n**2 + 3733*n - 22490. Give s(6).
1132
Let n(s) = -14*s**2 - 15552*s + 2203. Give n(-1111).
-19
Let u(k) = 7*k**3 - 460*k**2 - 120*k - 912. Give u(66).
-120
Let c(d) = d**3 + 5*d**2 - 345*d - 49. What is c(-21)?
140
Let v(c) = -88*c**2 + 432*c + 35. What is v(5)?
-5
Let l(o) = 16*o**3 + 8*o**2 - 81*o - 183. What is l(-2)?
-117
Let v(o) = -3871*o + 23144. Calculate v(6).
-82
Let b(i) = 11*i**3 + 36*i**2 + 8*i - 48. Determine b(-4).
-208
Let m(d) = -22*d**3 + 1607*d**2 + 1705*d + 98. What is m(-1)?
22
Let d(l) = -37*l**2 - 8*l + 71. Calculate d(-1).
42
Let u(k) = 13*k**2 + 2233*k - 147631. Calculate u(51).
65
Let k(f) = 6001*f - 3576600. Calculate k(596).
-4
Let w(r) = 87*r**3 - 9*r**2 + 14*r + 26. Give w(2).
714
Let a(u) = 957*u + 12720. Determine a(-12).
1236
Let i(q) = -1099*q**2 - 26383*q - 36. What is i(-24)?
132
Let r(m) = -2662*m - 26796. What is r(-10)?
-176
Let r(y) = y**3 + 19*y**2 + 330*y + 5046. Determine r(-17).
14
Let s(t) = 17*t**2 - 447*t + 2942. Determine s(12).
26
Let s(j) = 69388*j - 5. Give s(0).
-5
Let g(r) = 552*r + 14057. Give g(-25).
257
Let y(p) = -p**2 - 342*p + 64550. Determine y(135).
155
Let h(v) = -621*v + 572. Determine h(1).
-49
Let r(i) = 32213*i - 128860. What is r(4)?
-8
Let p(g) = -g**3 - 171*g**2 + 1397*g + 210710. Calculate p(-172).
10
Let z(s) = 21601*s - 1728091. Give z(80).
-11
Let m(c) = 3*c**2 + 140*c - 8889. Calculate m(38).
763
Let p(h) = 8584*h - 8639. Calculate p(1).
-55
Let x(z) = -25*z**3 + 2*z**2 + 549*z + 545. Calculate x(-1).
23
Let b(v) = 43*v**3 - 3599*v**2 + 12716*v + 317. What is b(80)?
-3
Let r(t) = 18*t**2 + 823*t - 4104. Determine r(5).
461
Let s(b) = 270*b**3 - 5398*b**2 - 48*b + 155. Give s(20).
-5
Let p(k) = 5*k**3 - 137*k**2 + 22*k + 4140. Determine p(26).
-20
Let y(r) = -759*r - 4032. Give y(-5).
-237
Let n(l) = 149*l**2 - 14513*l - 14511. Determine n(-1).
151
Let z(o) = -54*o**3 - 593*o**2 - 1448*o - 16061. Determine z(-11).
-12
Let k(t) = 187*t + 424. Give k(20).
4164
Let c(w) = 11613*w + 80804. What is c(-7)?
-487
Let w(z) = -67*z**2 - 476*z + 15139. Calculate w(-19).
-4
Let d(u) = 9*u**3 + 65*u**2 - 295*u - 2209. Calculate d(-7).
-46
Let a(j) = j**3 - 284*j**2 + 528*j + 10135. Give a(282).
-17
Let z(k) = 117*k - 12128. Calculate z(102).
-194
Let p(b) = -b**3 + 118*b**2 + 41*b + 23850. What is p(120)?
-30
Let z(c) = -5*c**2 - 261*c - 1117. What is z(-4)?
-153
Let l(h) = h**3 - 22*h**2 + 254*h - 1320. What is l(9)?
-87
Let z(i) = 58*i**2 - 31004*i - 45029. What is z(536)?
-5
Let r(f) = -302932*f - 908759. What is r(-3)?
37
Let l(h) = -4*h**2 - 497*h - 2988. Give l(-6).
-150
Let a(n) = 80*n**2 + 3221*n - 22205. Give a(6).
1
Let k(i) = 983*i**2 + 10*i + 6. Give k(-1).
979
Let k(b) = -240*b - 89511. What is k(-373)?
9
Let g(k) = -k**3 - 233*k**2 - 1225*k + 129376. Give g(-225).
1
Let l(t) = 2*t**3 - 246*t**2 + 492*t - 877. Determine l(121).
91
Let n(q) = -1895*q + 92864. What is n(49)?
9
Let f(m) = 2*m**3 + 159*m**2 + 749*m + 879. Determine f(-3).
9
Let j(p) = -1603*p + 254749. What is j(159)?
-128
Let m(y) = 108*y + 24985. Give m(-232).
-71
Let t(v) = 5549*v + 90. Give t(0).
90
Let w(c) = -31319*c + 250541. Give w(8).
-11
Let i(r) = -8787*r + 2495560. What is i(284)?
52
Let d(i) = 2*i**2 - 557*i + 29299. Give d(208).
-29
Let t(r) = -r**3 - 5*r**2 + 77*r + 478. Determine t(-9).
109
Let x(o) = -o**3 - 20*o**2 + 650*o - 1216. Determine x(16).
-32
Let i(v) = 12387*v + 1102449. Calculate i(-89).
6
Let k(x) = 4*x**3 - 138*x**2 + 68*x + 26. Determine k(34).
26
Let p(u) = 1497*u + 344443. Calculate p(-230).
133
Let y(f) = f**2 - 402*f - 2528. Give y(-6).
-80
Let c(n) = 13*n**3 + 1793*n**2 - 142*n - 668. What is c(-138)?
-116
Let v(f) = 76706*f - 4909179. Give v(64).
5
Let t(c) = 22*c**3 + 367*c**2 + 807*c - 271. Give t(-14).
-5
Let j(p) = 4*p**3 + 68*p**2 + 228*p - 547. Give j(-9).
-7
Let s(q) = -7285*q + 284220. Calculate s(39).
105
Let d(u) = -19*u**2 - 13451*u + 27698. Give d(-710).
8
Let w(t) = -6*t**3 + 9*t**2 + 63*t - 424. What is w(6)?
-1018
Let z(w) = 37*w**2 - 14*w - 31. Determine z(1).
-8
Let l(v) = v**3 - 39*v**2 - 82*v - 1. What is l(41)?
-1
Let x(h) = h**3 + 416*h**2 + 1233*h - 2. Give x(-3).
16
Let x(z) = 4*z**3 + 2*z**2 - 50*z - 502. Give x(0).
-502
Let h(g) = 374654*g - 8616997. Determine h(23).
45
Let y(x) = x**3 + 172*x**2 + 1468*x - 117. What is y(-163)?
-280
Let z(w) = -3*w**2 - 5365*w - 37442. Give z(-7).
-34
Let d(x) = -2*x**2 - 665762*x - 1331519. Give d(-2).
-3
Let l(h) = 81456*h + 244316. Give l(-3).
-52
Let q(j) = -33*j**3 + 98*j**2 + 336*j - 8. What is q(5)?
-3
Let m(c) = 17*c**2 - 9448*c - 503771. Calculate m(-49).
-2
Let y(d) = -12892*d - 2745988. What is y(-213)?
8
Let l(d) = 484*d + 270492. What is l(-559)?
-64
Let b(r) = -r**3 - 76*r**2 - 10*r - 182. What is b(-76)?
578
Let i(p) = p**3 - 489*p**2 + 3338*p + 225. What is i(7)?
-27
Let z(m) = 1185*m - 7572. What is z(6)?
-462
Let z(v) = 1580*v + 11735. Calculate z(-7).
675
Let x(a) = 60*a - 7735. Calculate x(128).
-55
Let o(z) = 103*z**2 - 12038*z - 62754. What is o(-5)?
11
Let z(q) = -55*q - 1221. Determine z(-43).
1144
Let n(z) = 18463*z - 184455. Determine n(10).
175
Let d(x) = -1646*x - 439081. Giv